 common divisor of 24 and c?
2
Let x = 51 + -43. Suppose -378 = -x*o - o. Let q(f) = -3*f + 13. Let l be q(-5). What is the greatest common factor of o and l?
14
Suppose -7*x = -132 + 20. Suppose -4*j = x - 112. Calculate the greatest common divisor of 32 and j.
8
Let a(r) = -343*r**3 - 20*r**2 - 40*r + 4. Let f be a(-2). What is the highest common divisor of 12 and f?
12
Let x(z) = -8*z + 1072. Let o be x(-16). What is the highest common factor of o and 360?
120
Let f(g) = g**3 + 11*g**2 - 12*g - 17. Let d be f(-12). Let r be (-6 + 11)/(((-1)/d)/1). Suppose -4*x + 150 = 14. What is the greatest common factor of r and x?
17
Let i = 13 - 8. Suppose -y - 5*g = 128, -i*y - 4*g = -5*g + 744. Let j = -108 - y. Calculate the greatest common divisor of 4 and j.
4
Let l(z) = -z**2 + 16*z - 43. Let m be l(12). Suppose -n = -27 - 28. What is the highest common divisor of n and m?
5
Suppose -206*x = -188*x - 360. Let s be (48/x)/(5/50). Calculate the greatest common factor of 192 and s.
24
Suppose 8 = -4*d, 5*t - 7*d + 2786 = -10*d. Let q = 1084 + t. What is the greatest common factor of 48 and q?
48
Suppose -9*s + 117 = 18. Suppose -s*w + 102 + 228 = 0. What is the greatest common divisor of 80 and w?
10
Suppose 10*u - 5*u = 5*o - 85, 4*u = o - 83. Let z be 1/((-22)/(-5804)) + (-4)/u. Let v = -89 + z. Calculate the greatest common divisor of v and 70.
35
Let l = 16788 + -11158. What is the greatest common factor of 10 and l?
10
Let x = 1049 - 726. What is the highest common factor of x and 57?
19
Let v = 210 + -106. Suppose -2*k + 2*u - 68 = 4*u, -4*k + 3*u - 157 = 0. Let m = -24 - k. Calculate the highest common factor of v and m.
13
Suppose 18*v = 11*v + 280. Let h(l) = 4*l**2 + 6*l + 2. Let q be h(4). Calculate the greatest common divisor of v and q.
10
Let u(o) = -o**2 - 8*o - 8. Let x be u(-6). Suppose -5284*n + 232*n - 122764 + 375364 = 0. Calculate the highest common factor of n and x.
2
Suppose 0 = -262*d - 3*d + 334165. What is the highest common divisor of 78 and d?
13
Let a = 14 + 0. Suppose a*v - 11*v = -303. Let c = -59 - v. Calculate the highest common divisor of c and 7.
7
Suppose -k = 4, w + 2*k + 49 = 51. Suppose -w*m = -311 - 39. Calculate the highest common divisor of m and 35.
35
Suppose 3*i - g = 2*i + 65, -4*i + 270 = -2*g. Let q be 2754/54 + (3 - 1)/(-2). Calculate the highest common divisor of q and i.
10
Let r be (2*-16)/(-17 - 8925/(-527)). Calculate the greatest common factor of 5394 and r.
62
Let a be 9008/528 - 17 - 1582/(-33). Let k = 4 + -3. Let n be (3/k)/(9/18). What is the greatest common divisor of n and a?
6
Suppose 12*j - 13*j = 5, 5*l - 25 = j. Suppose l*w = 6*w - 32. Calculate the greatest common factor of w and 4.
4
Let v(y) = -27*y + 579. Let t be v(21). Suppose -3*m + 26 = 2. Let c be (6/m)/(2/64). What is the highest common divisor of t and c?
12
Let y(b) = 2*b - 3. Let f be y(3). Suppose s + x = -f, 4*x = 3*s - x + 33. Let w be (18/(-2))/(s/160). Calculate the greatest common factor of 30 and w.
30
Suppose 180*h - 1440878 = 3807022. Calculate the highest common divisor of 70 and h.
35
Let b = 43 + -40. Suppose 0 = -b*t + 3*g + 21, g - 29 = -0*t - 3*t. Suppose 0 - t = -v. Calculate the highest common factor of 27 and v.
9
Let m be 8 + 9 + (9 - 13). Calculate the greatest common factor of 2041 and m.
13
Suppose -6*l + 3*l = -96. Let h = 2251 + -2265. Let c = h + l. What is the greatest common divisor of 27 and c?
9
Let n be 71/1*(5 + -4). Let p be (-6612)/96 - (2/16)/1. Let k = n + p. What is the highest common factor of 30 and k?
2
Let p(d) = d**3 + d**2 - 9*d - 7. Let s be (-4)/(-6) + (-14)/21. Suppose s = -0*j + 11*j + 33. Let o be p(j). What is the highest common divisor of 8 and o?
2
Let k(l) = -l**3 - 3*l**2 - 36*l - 6. Let o be k(-4). Calculate the greatest common divisor of 1526 and o.
14
Suppose l - 3176 - 1645 = -5*h, 4*h + l = 3857. Let g be -5*h/(-10) - -4. Calculate the greatest common divisor of g and 18.
18
Suppose -5*m + 27 = -4*z, -8 = -3*m + 3*z + 10. Let d be (-5 + 83)*m/2. What is the greatest common divisor of d and 45?
9
Suppose -6*q = 3*n - 4356 - 72, -n = 4*q - 2946. What is the highest common divisor of 30 and q?
15
Let y(l) = 931*l**2 - 5525*l - 3. Let r be y(6). Let d be 398/4 - (-2)/(-4). Calculate the highest common factor of d and r.
33
Let k = -421 + 470. Let y = 104 - 62. What is the greatest common divisor of k and y?
7
Let k = -27344 + 27944. What is the greatest common divisor of k and 6120?
120
Let p(s) = 5*s**2 + 13*s - 3. Let o be p(-3). Suppose o*m - 49 = -5*n - 6, 49 = 4*m + 5*n. Calculate the greatest common factor of 138 and m.
6
Let g(z) = 1160*z - 1028. Let b be g(4). Calculate the greatest common divisor of b and 420.
84
Suppose 833*a = 3*q + 834*a - 514, 0 = -4*q - 3*a + 692. What is the highest common divisor of 1440 and q?
10
Let l(w) = -w**3 - 7*w**2 - 14*w - 15. Let t be l(-5). Suppose -5*a + 155 = t*c, -3*a = 5*c - 18 - 147. Calculate the greatest common factor of 96 and c.
12
Suppose h - 4*o = -6*o + 43, 141 = 3*h + 3*o. Let p = -50 + h. What is the highest common divisor of 3 and p?
1
Suppose 12*g - 4*g = 32. Suppose -3*d = b + 2*d - 28, -g*b + 188 = d. Suppose 6 - b = -5*p - 2*m, -5*m = -5. What is the highest common factor of p and 88?
8
Let w = -12 + 18. Let a(c) = -c**3 - 5*c**2 + 16*c + 10. Let k be a(-7). Let i be k + -2 + -1 + 16. What is the highest common divisor of w and i?
3
Suppose -2*f + 3 + 3 = 0. Let o = 0 + f. Let x be 88/484 - 1*722/(-22). Calculate the greatest common divisor of o and x.
3
Let q(t) = -13*t - 3. Let j be q(-3). Let z(r) = 12*r + 49. Let m be z(-4). Let s be (-13 - m)*120/(-70). What is the greatest common divisor of j and s?
12
Suppose 5590*x = 5580*x + 560. What is the greatest common factor of 2968 and x?
56
Let m(o) = -108*o - 96. Let w be m(-5). What is the greatest common factor of w and 6?
6
Let y(g) = -2*g**2 + g + 2. Let l(n) = -15*n**2 + 28*n + 3. Let v(j) = -l(j) + 6*y(j). Let a be v(8). What is the highest common factor of a and 350?
25
Let l(k) = k**3 - 63*k**2 - 16*k + 148. Let b be l(38). Let o be (b/(-50) - 5) + (-2)/10. Calculate the highest common factor of 6 and o.
6
Let j(f) = 9*f**2 - 6*f - 3. Let a be j(2). Let h be (-392)/(-32) - (a/4)/(-7). Calculate the highest common factor of 299 and h.
13
Let r(s) = -4*s**2 + 103*s - 59. Let j be r(25). What is the highest common factor of 324 and j?
4
Let t = 56 + -38. Let y = 133 + -130. Suppose -38 + 416 = y*j. Calculate the greatest common factor of j and t.
18
Suppose -6*u + 9*u = -12. Let o be (3/(2 - u))/(1/6). Suppose -o*s + 721 = -z, s - 5*z + 475 = 3*s. Calculate the greatest common factor of s and 15.
15
Suppose 562 = 9*g - 8*g + 4*u, 2*g - 1157 = 3*u. Calculate the highest common factor of 328 and g.
82
Suppose 0*h - 3*h - 519 = -4*x, -4*h = -3*x + 384. Suppose 2413*s - 2418*s - 124 = -3*b, 2*s = -3*b + 89. What is the highest common divisor of b and x?
33
Suppose -24*z + 4408 - 2226 = -4298. Calculate the greatest common divisor of 6570 and z.
90
Let n(s) be the second derivative of s**3 + 5*s - 4*s**3 - 18*s**2 + 30*s + 4*s**3. Let b be n(8). What is the highest common divisor of 84 and b?
12
Suppose -15*r + 14*r + 3*q = -2890, 2*q + 5792 = 2*r. What is the highest common factor of r and 223?
223
Let r(z) = 2*z**2 - 30*z + 33. Let t = -53 - -67. Let o be r(t). Calculate the highest common factor of o and 5.
5
Let b(g) = -105*g + 118. Let c be b(0). What is the greatest common divisor of 649 and c?
59
Let i be (0 - (2 - 3))*49. Suppose -2697 = -5*u - x, -21*x - 4 = -23*x. What is the greatest common divisor of i and u?
49
Suppose 5*d = 3*d + 464. Suppose 4*a = 3*w + d, 2*w + 145 = 3*a - 28. Suppose 56*b + 112 - 724 = 4. What is the highest common factor of a and b?
11
Suppose 5*b - l - 8358 = 0, -63*b + 3*l - 3316 = -65*b. Calculate the highest common divisor of b and 10.
10
Suppose -159 = -3*b - 2*y, -b - 4*y = y - 66. Suppose -58*g + 544 = -50*g. Calculate the highest common factor of b and g.
17
Suppose 5*v + 52 - 67 = 0. Suppose 2*f - 6 = 4*w, 3*f = -v*w - w - 1. Calculate the greatest common factor of f and 9.
1
Let o be -5*((-145)/(-25) + -6). Let s be o*(-2 + -1)*(-182)/6. What is the greatest common divisor of 14 and s?
7
Let k be (35/(-15))